 -x - 5. Suppose 8*v = 3*v + 2*w - 72, 3*w = -4*v - 76. Let n = v + -2. List the prime factors of u(n).
13
Let p be (-1 - 16)/(10/(-20)). Let q be p/4*(14 - -6). Suppose 0*x - 5*x + q = 0. List the prime factors of x.
2, 17
Let r = -388 - -390. Suppose -f = -3*x - r*x + 2720, -4*x + 2177 = -f. What are the prime factors of x?
3, 181
Let w(q) = -2*q**3 - 3*q**2 - 2*q - 4. Let i be w(-2). Let r be (3/6)/((-2)/(-812)) + i. Let s = -10 + r. List the prime factors of s.
197
Suppose 8*h = 4*h + 1888. Let r = 820 - h. What are the prime factors of r?
2, 3, 29
Let x = 6189 - 3663. What are the prime factors of x?
2, 3, 421
Let m(u) = -u**3 + 12*u**2 - 13*u + 25. Let w be m(11). Suppose -w*b + 2*b + 32 = 0. Suppose 4*x - b = 92. What are the prime factors of x?
31
Let b = -226 - -406. Suppose b = 3*z - 1287. List the prime factors of z.
3, 163
Let z = -76 + 78. Suppose -18*o + 14*o = -4, 40 = w + z*o. Suppose w*q - 43*q + 380 = 0. List the prime factors of q.
2, 19
Suppose -32 - 13 = -9*z. Suppose 1 - 26 = z*k, 3*l - 1 = -k. What are the prime factors of l?
2
Let q = 4 - 1. Let r(w) = 22*w**2 + w + 2. Let d(b) = -65*b**2 - 2*b - 16. Let j(z) = d(z) + 3*r(z). List the prime factors of j(q).
2
Let l be (-3 + -4)/(-3 + 820/272). Let x = l + 849. List the prime factors of x.
373
Let g(p) = -17*p - 24. Let s be g(4). Suppose -h + 175 + 821 = 5*i, -i + 3*h + 196 = 0. Let a = i + s. List the prime factors of a.
107
Let w(q) = -q**3 - 5*q**2 - 2*q + 7. Let s = -36 - -40. Let x be ((-24)/(-36) - (-76)/(-6)) + s. What are the prime factors of w(x)?
5, 43
Suppose -u - 1908 = 4*d, -3*u + 7*d = 6*d + 5776. What are the prime factors of u/(-2) + 42/7?
2, 11
Suppose 88*l + 6333 = -88*l + 177*l. What are the prime factors of l?
3, 2111
Suppose -190 = 6*x - 490. Let y be -1*-2*46/(-4). Let r = y + x. List the prime factors of r.
3
Let y = 26 + -27. Let g be 4/(-4) + y - -7. Suppose g - 14 = -3*r. What are the prime factors of r?
3
Let p(t) = -t**3 - 22*t**2 - 85*t + 16. Let l be p(-17). List the prime factors of (1506/15 - 3)*(l + -11).
487
Suppose 4*k = 3*k + 3. Suppose -21 = -4*x - k*x. Suppose x*y = 33 + 36. List the prime factors of y.
23
Suppose 3990 = -4*p - 4*y + 67906, -y = -3*p + 47957. List the prime factors of p.
2, 3, 37
What are the prime factors of (120/(-28))/((-138)/1255478)?
2, 5, 7, 557
Suppose -5*v = -3*q + 6267, 6*v - 3*v + 3773 = 5*q. Let k = -362 - v. List the prime factors of k.
7, 127
Let k(y) = 35*y + 30. Let i be (-125)/(-7) - 4/(-28). List the prime factors of k(i).
2, 3, 5, 11
Let r = 423 - 222. Suppose 8*t - 3*t + 3*y - 335 = 0, -3*t = -5*y - r. List the prime factors of t.
67
Suppose -5*p + 6*a + 18 = 7*a, p = a + 6. Suppose -p*c + 3997 = 261. List the prime factors of c.
2, 467
Let j(l) = -l**3 - 12*l**2 - 9*l - 9. Let y be j(-12). Let u be 14/(-35) - (-98)/(-5). Let p = u + y. List the prime factors of p.
79
Let s(i) = -i**3 + 10*i**2 + 5*i - 12. Suppose -28 - 9 = -3*h + 5*r, -r + 43 = 5*h. List the prime factors of s(h).
2, 3, 19
What are the prime factors of (-490776)/(-14) + 5 + 400/700?
3, 13, 29, 31
Let w be ((-178)/89)/(((-2)/(-2))/(-1051)). Let r = w + -1444. List the prime factors of r.
2, 7, 47
Let t be 52/(0 - -2) - -1. Let d(u) = 10*u - 47. What are the prime factors of d(t)?
223
Suppose 0 = 104*j - 304*j + 4132773 + 1651827. What are the prime factors of j?
3, 31, 311
Let f = 2599 - 2614. Let d(u) = -3*u**2 - 41*u - 33. Let c(p) = 12*p**2 + 165*p + 132. Let n(t) = -2*c(t) - 9*d(t). What are the prime factors of n(f)?
3, 41
Let c(f) = f**3 - 12*f**2 + 13*f - 22. Let v be 2/(-12) - (85/(-6) - -3). Let u be c(v). Suppose 6*j - 8 - 76 = u. What are the prime factors of j?
2, 7
Let w(t) = 2*t**2 - 29*t - 165. Suppose 6*q = 16 - 70. List the prime factors of w(q).
2, 3, 43
Suppose 71*k + 12516 = 83*k. List the prime factors of k.
7, 149
Suppose -5*a - 3*a = 0. Suppose a = 6*q - q - 1265. List the prime factors of q.
11, 23
Let i be -10*(2 - 3) + -8 + 7. Suppose 3250 = -i*n + 22*n. What are the prime factors of n?
2, 5
Let s = -712 + 714. Let f(p) = 219*p + 65. List the prime factors of f(s).
503
Let q = 22 - -16. Let h(r) = -r**2 - 21*r + 19. Let t be h(-21). Suppose 0 = t*y - 18*y - q. What are the prime factors of y?
2, 19
Let a be 4/((-12)/21) + -2. Let q(s) = -3*s + 4*s + 6*s**2 - 5*s**2 - 4*s. What are the prime factors of q(a)?
2, 3
Let d be 1279 + -4 + -3 + 4. Suppose 4*k + 1157 = f + 2841, 0 = 3*k - 4*f - d. List the prime factors of k.
2, 3, 5, 7
Let l(s) = 939*s + 26227. List the prime factors of l(0).
26227
List the prime factors of (-513)/(-1197) + ((-255625)/7)/(-5).
2, 11, 83
Suppose 0 = -4*u - 2*f + 8, 4*u - 6*f = -2*f + 20. Suppose 2*k - u*h - 179 = -8*h, 0 = -3*k + 4*h + 234. Let y = -58 + k. List the prime factors of y.
2, 3
Suppose -16660 = -4*s - 5*x, -5*x + 8190 = 5*s - 12630. List the prime factors of s.
2, 5, 13
Suppose 2*y - u - 8 = -0*y, -3*y = -5*u - 5. Suppose y*b + 4*l = 808, -3*b + 480 = -3*l + 7*l. List the prime factors of b.
2, 41
Suppose 20*f + 112*f + 1520273 - 6858353 = 0. List the prime factors of f.
2, 3, 5, 337
List the prime factors of (210/60)/(8/117888).
2, 3, 7, 307
Let z = 16 - 1. Suppose z = -13*t + 14*t. Let d(c) = c - 5. What are the prime factors of d(t)?
2, 5
Let n be (-14 + -1)*10/(100/10). List the prime factors of ((-80)/n)/(2/48).
2
Let w(x) = 5*x + 25. Let c be w(-7). Let z(k) = 3*k + 35. Let v be z(c). Let a(n) = 29*n - 19. List the prime factors of a(v).
2, 3, 7
Let j(b) = -5*b - 10. Let x be j(7). Let a = x + -45. Let i = 155 + a. List the prime factors of i.
5, 13
Let d(y) = 151*y + 394. What are the prime factors of d(25)?
11, 379
Let g(y) = y**3 - 2*y**2 + 4*y - 14. Let z be g(4). Suppose -w - h + 603 = z, -5*w + 2895 = -5*h. List the prime factors of w.
2, 7, 41
Let l(j) = 27*j + 0 - 4 - 133*j - 77*j + 31*j. What are the prime factors of l(-4)?
2, 151
Let g(t) = 569*t - 283*t + 11 + 3*t**2 - 275*t - 6*t**2. List the prime factors of g(3).
17
Let u(w) = -883*w - 5841. What are the prime factors of u(-13)?
2, 2819
Suppose -7*b = 46*b - 105523. Let n = -1331 + b. What are the prime factors of n?
2, 3, 5, 11
Let x(i) = -5*i**2 + 15*i + 11. Let o(k) = -k + 1. Let d(v) = 5*o(v) - x(v). Let g be d(9). Let m = g + -129. List the prime factors of m.
2, 3, 5
Suppose 0 - 2 = 2*s. Let v = -10 + s. Let g(f) = -f**3 - 11*f**2 - 3*f + 7. List the prime factors of g(v).
2, 5
Let c = -5621 + 7225. List the prime factors of c.
2, 401
Suppose 3*s = 4*l + 101 + 840, -2*l - 498 = 4*s. What are the prime factors of (-64)/(-48) - l/3?
3
Let t(b) = 10*b**2 + 23*b - 881. What are the prime factors of t(30)?
23, 383
Suppose 407438 - 689116 - 797180 = -209*x. What are the prime factors of x?
2, 29, 89
Let n be (1 + -22)*1420/(-15). Suppose -244 = 8*i - n. List the prime factors of i.
2, 109
Suppose -2*d - 23 = l + 77, 3*d - 3*l + 150 = 0. Let s = -34 - d. Suppose s = n - 39. List the prime factors of n.
5, 11
Suppose -3*n = 15, 2*v - n - 1662 = 46167. List the prime factors of v.
2, 7, 61
Let d(y) = 24*y**3 + 20*y**2 - 11*y + 39. What are the prime factors of d(3)?
2, 3, 139
Let m be ((-115)/(-2))/(1/4). Suppose 12*b = 2*b - m. List the prime factors of b*(1 - 0 - 8).
7, 23
Suppose -4*h = -2*i - 4, 1 = -0*i + 5*i + h. Suppose i = 3*w + 10 + 2. What are the prime factors of (((-176)/(-3))/w)/((-14)/168)?
2, 11
Let s be ((-25)/15)/((1/(-12))/1). Suppose -p + s + 79 = 0. Let q = p - 57. What are the prime factors of q?
2, 3, 7
Let q = 98 + -28. List the prime factors of q/(1/(69/6)).
5, 7, 23
Let j(b) = -b**3 - 66*b**2 + 251*b + 473. What are the prime factors of j(-78)?
19, 2837
Let b = 50 - 48. Let y(g) = 2*g**2 - 2*g + 8. Let d be y(b). What are the prime factors of 1072/d - (-4)/6?
2, 3, 5
Let g be (-2)/4 - (-5)/2*-27. Let x = -54 - g. What are the prime factors of (202/(-7))/((-2)/x)?
2, 101
Let z = -176 - -568. Suppose -3*u - 5*w + 716 = 135, -2*u = w - z. Suppose -2*l - 15 + u = 0. What are the prime factors of l?
7, 13
What are the prime factors of 27855 + (2 - (-19 + 11))?
5, 5573
Let p = 494 + -498. What are the prime factors of (1906/(-4))/(-12 + (-46)/p)?
953
Let n = 1600 - 809. Suppose n + 1774 = 5*m. Suppose -4*g = -0*f - 3*f - m, -g + 157 = 5*f. What are the prime factors of g?
2, 3